is the remainder when 2972 is divided by 904?
260
What is the remainder when 5981 is divided by 94?
59
Calculate the remainder when 118941 is divided by 39633.
42
What is the remainder when 144694 is divided by 11129?
17
Calculate the remainder when 50892 is divided by 1060.
12
What is the remainder when 39008 is divided by 91?
60
What is the remainder when 11040 is divided by 1835?
30
Calculate the remainder when 34087 is divided by 1621.
46
What is the remainder when 13723 is divided by 298?
15
What is the remainder when 688 is divided by 100?
88
Calculate the remainder when 19253 is divided by 6414.
11
What is the remainder when 6104543 is divided by 115?
113
Calculate the remainder when 1611 is divided by 1475.
136
Calculate the remainder when 1654 is divided by 528.
70
Calculate the remainder when 123117 is divided by 53.
51
Calculate the remainder when 1350 is divided by 382.
204
What is the remainder when 85074 is divided by 85072?
2
Calculate the remainder when 800 is divided by 248.
56
What is the remainder when 1649 is divided by 1466?
183
Calculate the remainder when 134077 is divided by 45.
22
Calculate the remainder when 2004 is divided by 16.
4
What is the remainder when 201362 is divided by 25?
12
Calculate the remainder when 294789 is divided by 196.
5
What is the remainder when 101230 is divided by 8?
6
What is the remainder when 279123 is divided by 1144?
1131
What is the remainder when 614425 is divided by 416?
409
What is the remainder when 235400 is divided by 115?
110
Calculate the remainder when 963 is divided by 611.
352
Calculate the remainder when 987 is divided by 553.
434
Calculate the remainder when 626 is divided by 189.
59
Calculate the remainder when 725 is divided by 28.
25
Calculate the remainder when 6790 is divided by 960.
70
Calculate the remainder when 32405 is divided by 951.
71
Calculate the remainder when 1346 is divided by 35.
16
What is the remainder when 1783 is divided by 492?
307
What is the remainder when 837641 is divided by 37?
35
What is the remainder when 486937 is divided by 16231?
7
What is the remainder when 29986 is divided by 3740?
66
What is the remainder when 117018 is divided by 10638?
0
Calculate the remainder when 39311 is divided by 354.
17
Calculate the remainder when 36345 is divided by 18164.
17
Calculate the remainder when 721990 is divided by 269.
263
Calculate the remainder when 11511 is divided by 13.
6
What is the remainder when 2984 is divided by 501?
479
What is the remainder when 1024 is divided by 469?
86
What is the remainder when 1884 is divided by 1839?
45
Calculate the remainder when 518579 is divided by 201.
200
Calculate the remainder when 6330 is divided by 42.
30
What is the remainder when 703298 is divided by 26?
24
Calculate the remainder when 9273 is divided by 710.
43
What is the remainder when 9493 is divided by 3162?
7
Calculate the remainder when 114638 is divided by 309.
308
Calculate the remainder when 6876 is divided by 88.
12
Calculate the remainder when 21015 is divided by 229.
176
Calculate the remainder when 67515 is divided by 40.
35
Calculate the remainder when 1992 is divided by 1123.
869
Calculate the remainder when 39980 is divided by 16.
12
What is the remainder when 11543 is divided by 1621?
196
Calculate the remainder when 42544 is divided by 1636.
8
Calculate the remainder when 10905 is divided by 10841.
64
What is the remainder when 12955 is divided by 12952?
3
What is the remainder when 1670 is divided by 713?
244
What is the remainder when 67114 is divided by 141?
139
What is the remainder when 4693 is divided by 662?
59
Calculate the remainder when 5410 is divided by 271.
261
What is the remainder when 6132 is divided by 25?
7
Calculate the remainder when 39167 is divided by 22.
7
What is the remainder when 977 is divided by 364?
249
Calculate the remainder when 606 is divided by 132.
78
Calculate the remainder when 30791 is divided by 70.
61
What is the remainder when 193103 is divided by 47?
27
Calculate the remainder when 18756 is divided by 280.
276
Calculate the remainder when 2331 is divided by 610.
501
What is the remainder when 62227 is divided by 7759?
155
Calculate the remainder when 1390050 is divided by 777.
774
Calculate the remainder when 27798 is divided by 66.
12
Calculate the remainder when 2821 is divided by 38.
9
Calculate the remainder when 502984 is divided by 689.
14
Calculate the remainder when 492 is divided by 205.
82
What is the remainder when 15329 is divided by 35?
34
What is the remainder when 14955 is divided by 1864?
43
What is the remainder when 5642 is divided by 2567?
508
What is the remainder when 57149 is divided by 25?
24
What is the remainder when 45559 is divided by 616?
591
Calculate the remainder when 185735 is divided by 938.
11
What is the remainder when 1380 is divided by 1332?
48
What is the remainder when 62997 is divided by 289?
284
Calculate the remainder when 9004 is divided by 342.
112
Calculate the remainder when 29271 is divided by 1540.
11
Calculate the remainder when 1673 is divided by 1521.
152
Calculate the remainder when 5268 is divided by 61.
22
Calculate the remainder when 928197 is divided by 952.
949
Calculate the remainder when 87932 is divided by 252.
236
What is the remainder when 1583 is divided by 137?
76
What is the remainder when 12972 is divided by 4321?
9
Calculate the remainder when 10452 is divided by 871.
0
What is the remainder when 1226 is divided by 28?
22
What is the remainder when 965 is divided by 365?
235
Calculate the remainder when 3192 is divided by 526.
36
What is the remainder when 1301 is divided by 193?
143
Calculate the remainder when 4494938 is divided by 379.
377
Calculate the remainder when 1687 is divided by 270.
67
What is the remainder when 74411 is divided by 430?
21
What is the remainder when 64027 is divided by 31993?
41
What is the remainder when 49877 is divided by 16599?
80
Calculate the remainder when 42335 is divided by 21085.
165
Calculate the remainder when 2112 is divided by 1845.
267
What is the remainder when 259848 is divided by 111?
108
Calculate the remainder when 163667 is divided by 245.
7
Calculate the remainder when 291476 is divided by 97156.
8
Calculate the remainder when 33756 is divided by 22.
8
What is the remainder when 334796 is divided by 186?
182
Calculate the remainder when 12816 is divided by 1830.
6
Calculate the remainder when 741 is divided by 298.
145
Calculate the remainder when 21731 is divided by 19.
14
What is the remainder when 142339 is divided by 137?
133
Calculate the remainder when 997 is divided by 118.
53
What is the remainder when 1616 is divided by 328?
304
Calculate the remainder when 33980 is divided by 56.
44
What is the remainder when 313062 is divided by 19566?
6
What is the remainder when 249599 is divided by 156?
155
What is the remainder when 27768 is divided by 55?
48
Calculate the remainder when 2994603 is divided by 159.
156
Calculate the remainder when 2646 is divided by 289.
45
Calculate the remainder when 24564 is divided by 501.
15
Calculate the remainder when 51215 is divided by 12801.
11
Calculate the remainder when 1667 is divided by 274.
23
What is the remainder when 3741 is divided by 67?
56
Calculate the remainder when 8928 is divided by 8915.
13
What is the remainder when 5996 is divided by 462?
452
Calculate the remainder when 823 is divided by 7.
4
What is the remainder when 434162 is divided by 3?
2
Calculate the remainder when 11851 is divided by 3931.
58
What is the remainder when 8708 is divided by 3883?
942
What is the remainder when 81097 is divided by 5?
2
What is the remainder when 3217 is divided by 3153?
64
Calculate the remainder when 240918 is divided by 5876.
2
Calculate the remainder when 14761 is divided by 20.
1
Calculate the remainder when 1773 is divided by 7.
2
Calculate the remainder when 2212 is divided by 242.
34
Calculate the remainder when 2466 is divided by 358.
318
What is the remainder when 1128 is divided by 131?
80
What is the remainder when 461099 is divided by 116?
115
What is the remainder when 6146 is divided by 492?
242
Calculate the remainder when 13471 is divided by 27.
25
What is the remainder when 11357 is divided by 21?
17
Calcula